re the prime factors of d?
37
Suppose -166 = -0*w + 2*w - g, 5*w - g = -409. Let o = w - -108. List the prime factors of o.
3
Let a(l) = 2*l**3 + 3 - 9 + 10*l + 15 + 8*l**2. Let h be a(-6). What are the prime factors of 6/(5/(h/(-6)))?
3, 13
Suppose -3*o + 608 = o. Let t be -12*(o/12)/(-2). Let m = -40 + t. List the prime factors of m.
2, 3
Suppose 0 = -7*v + 943 + 898. List the prime factors of v.
263
Suppose 4*i = 5*g + 32, i - 16 = -5*g + 17. What are the prime factors of i?
13
Let r(p) = -p**2 + 15*p - 21. What are the prime factors of r(6)?
3, 11
Let o = -1317 - -2272. List the prime factors of o.
5, 191
Suppose -3*c + 1904 = -472. Let d = -520 + c. What are the prime factors of d?
2, 17
Suppose -5*q + 527 = 2*u, 3*q = -4*u - q + 1048. Suppose -4*r + 475 = -u. List the prime factors of r.
2, 23
Suppose -2 = -7*i + 33. Suppose -544 = -i*a + 386. What are the prime factors of a?
2, 3, 31
Suppose 1808*s = 1809*s - 1733. List the prime factors of s.
1733
Let j(g) = -g**3 + 6*g**2 + 4*g + 8. Let p be j(7). List the prime factors of 2/p - 15/(-13) - -26.
3
Let j = 301 + 242. List the prime factors of j.
3, 181
Suppose -4*u - 1693 = -3*q, -3*q - 2123 = -u + 6*u. Let j = -303 - u. What are the prime factors of j?
11
Let q = 41 + -39. Let w(c) = -c - 2*c**2 + 2*c**q - 2 + 2*c**2. What are the prime factors of w(6)?
2
Let d(t) = t**3 + 6*t**2 + 4*t - 8. Suppose -o = -5*i + 4*o + 30, 3*i + o - 10 = 0. What are the prime factors of d(i)?
2, 3, 7
Let s(h) = -4*h + 1. Let y be s(-1). Suppose 5 = y*x + 15. Let w(q) = 2*q**2 - q + 1. What are the prime factors of w(x)?
11
Suppose 471 = 16*g - 15*g. What are the prime factors of g?
3, 157
Suppose -7*n + 2166 = -4*n - 5*v, -2*v - 1440 = -2*n. List the prime factors of n.
3, 239
Let g(c) = -24*c**3 + 1. Let w be g(-1). Let b be (-10)/w - 84/(-10). Let o = 25 - b. List the prime factors of o.
17
Let s(u) = -u**3 - 10*u**2 - 11*u - 15. Let h be s(-9). Suppose 4*y - 148 = 5*l, -5*y - 7*l = -h*l - 144. What are the prime factors of y?
2
Let a(s) = s**3 - 16*s**2 + s - 15. Let d be a(16). What are the prime factors of (-8 - -7)*d*-30?
2, 3, 5
Let m(t) = -t**3 - 5*t**2 + 3*t - 4. Let w be m(-7). Let z = -32 - w. Let h = -46 - z. List the prime factors of h.
59
Suppose -5*n - 5 = 5*x, 8 = -x - 3*n - 1. Let f = 0 - -2. Suppose 0 = -x*c + f*c + 18. List the prime factors of c.
2, 3
Suppose 16615 = 20*u - 14705. List the prime factors of u.
2, 3, 29
Let k = -2885 - -4827. What are the prime factors of k?
2, 971
Suppose 0*a = 4*a - 20. Let d = -499 - -529. Suppose a*x - 3*x = d. List the prime factors of x.
3, 5
Let m = -3 + 10. Let r(a) = -2*a**2 - 25*a - 13. Let g be r(-11). Suppose -2*c + g = 4*y, -4*c + y + m = -3*c. List the prime factors of c.
2
Let x(c) = 1971*c**2 - 16*c + 1. List the prime factors of x(-1).
2, 7, 71
Let r = 15 + -18. Let g(f) = -f - 41. Let p(y) = 1. Let a(t) = r*p(t) - g(t). What are the prime factors of a(0)?
2, 19
Let w be -1*(0/(-3) + 0). Let f be (-3)/(w - (2 - 3)). Let h = f + 19. What are the prime factors of h?
2
Let f(s) = 32*s**2 - 1. Let j be f(-3). Let m = j + -201. Suppose -4*w - 21 = -3*v + 64, -m = -3*v + 5*w. What are the prime factors of v?
3
Let v(z) = 12*z**2 - 3*z - 7. Let f(k) = 25*k**2 - 5*k - 13. Let b(s) = 3*f(s) - 5*v(s). List the prime factors of b(2).
2, 7
List the prime factors of 736/(-3)*3/(-2).
2, 23
Let a = 189 + 174. List the prime factors of a.
3, 11
Let h(p) = 41*p + 225. List the prime factors of h(7).
2
Let n = -531 - -1021. What are the prime factors of n?
2, 5, 7
Suppose 3*s = -10 - 5. Let h(j) = -7 - 10*j + 11 - j + 3. List the prime factors of h(s).
2, 31
Let u(n) = n**2 + 7*n - 9. Let t be u(-7). Let v = t - -9. Suppose 0 = -2*p + p + 5*b + 16, -3*p - 5*b + 88 = v. List the prime factors of p.
2, 13
Let d(a) = 40*a**2 + a - 41. List the prime factors of d(-6).
7, 199
Let c(t) = 5*t**2 - 2*t + 42. List the prime factors of c(-8).
2, 3, 7
Let q = 121 - 120. Suppose -n + 5*n - 16 = 0. What are the prime factors of 2 + q/(n/140)?
37
Let b = 354 + -196. Let c = b + -39. What are the prime factors of c?
7, 17
Suppose -5*s + 195 = -0*s. Let i = -6 + 11. Suppose 0 = -i*y - 3*j + s, -14 = 2*y - 4*y - 2*j. List the prime factors of y.
3
Let o be (3 - (-4)/(-2))*3. Suppose o*n = n + 10. Suppose z + 31 = -4*u + 122, 0 = -n*z + 15. List the prime factors of u.
2, 11
What are the prime factors of (-15)/2*1218/(-145)?
3, 7
Suppose 0*p = 4*p - 8. Let u(m) = -2*m**3 + 2*m**2 + 1. Let y be u(p). Let n = 16 + y. What are the prime factors of n?
3
List the prime factors of (-2*(-3185)/(-30))/((-3)/9).
7, 13
List the prime factors of 213 + (4 - (-4 - -6)).
5, 43
Let b = -676 - -3042. What are the prime factors of b?
2, 7, 13
Suppose 6*f - 4137 = -681. List the prime factors of f.
2, 3
Let m be (-1)/3*-3*1. Let p be (11/(-3))/(m/6). Let x = 34 + p. List the prime factors of x.
2, 3
Suppose 4*a = a + 12. Suppose -v - 135 = -a*z, -4*v + 58 = -5*z + 213. Let q = z + -14. List the prime factors of q.
3, 7
Let v(k) = -42*k - 28. Let p be (-4)/2*45/18. List the prime factors of v(p).
2, 7, 13
Let c = 32 + 17. Suppose -m = -c - 27. What are the prime factors of m?
2, 19
Let a = -35 - -40. Suppose -h + 50 = 2*m + 13, -3*h = -a*m + 109. List the prime factors of m.
2, 5
Suppose -38*y = 5631 - 17487. List the prime factors of y.
2, 3, 13
What are the prime factors of ((-128)/(-40))/((-4)/(-390))?
2, 3, 13
Let f(a) = 3*a**3 + 16*a**2 - 15*a - 21. List the prime factors of f(7).
7, 241
Let u(o) = 13*o + 12. Let n(s) = s - 1. Let v(h) = n(h) - u(h). Let z be v(6). What are the prime factors of (36/45)/((-2)/z)?
2, 17
Let p = 63 + -107. Let i = p + 19. What are the prime factors of (20/i)/((-4)/90)?
2, 3
Let u = -1411 + 1938. List the prime factors of u.
17, 31
What are the prime factors of (-152436)/(-96) + (-3)/(-24)?
2, 397
Let u = 99 + -70. Let y = -8 + u. List the prime factors of y.
3, 7
Let f = 359 - -180. List the prime factors of f.
7, 11
Let w = 3 - -1135. Suppose -274 + w = 3*a. What are the prime factors of a?
2, 3
Let p = 37 + 193. List the prime factors of p.
2, 5, 23
Let f(t) = 8*t - 45. Let w be f(13). Let k = 134 - w. List the prime factors of k.
3, 5
Suppose 2*j - 14 - 4 = -4*c, 2*j - 4*c = 2. Let v be (j - -79)/(-1 + 2). Suppose -v = -6*y - 24. List the prime factors of y.
2, 5
Suppose -h = 5*z + 633, 3 = 3*h + 12. Let d = -23 - z. List the prime factors of d.
103
Let p(c) = -2*c + 104. Suppose 4*a = -3*k + 103, -4*k - 3*a - a = -136. List the prime factors of p(k).
2, 19
Let y(p) = -p**3 + 3*p**2 - 7*p. Let z be y(5). Let c be z - -2*(1 - -1). Let o = -54 - c. What are the prime factors of o?
3
Suppose 4 = -5*w - 16. Let p(s) = -3*s**3 - 7*s**2 + 7*s + 6. What are the prime factors of p(w)?
2, 29
What are the prime factors of (-14)/21 - 1832*(-22)/12?
2, 23, 73
Let v = -409 - -609. Suppose q - 20 = 2*u + 26, v = 5*q + 5*u. What are the prime factors of q?
2, 3, 7
Let m(g) = -3*g**3 + 4*g**2 - 3*g + 2. Let h = 25 + -21. Let x be m(h). List the prime factors of 3/6 - x/12.
2, 3
Let p = -24 + 27. Suppose d - p*d = -274. What are the prime factors of d?
137
What are the prime factors of (0 - 20139)/(-7) - 3?
2, 3, 479
Suppose 0 = -2*z + 13 - 41. List the prime factors of -90*3*z/15.
2, 3, 7
Let q(x) = -x**3 - 13*x**2 - 15*x - 4. Let m(s) = s**3 - 23*s**2 + 21*s + 10. Let l be m(22). What are the prime factors of q(l)?
2
Suppose 181*m - 47863 = 158*m. What are the prime factors of m?
2081
Let o = -56 + 60. Suppose 0 = 4*m - 8, -o*m = -2*y + 118. What are the prime factors of y?
3, 7
Suppose 2*x - 35*a = -32*a + 425, -3*x = 5*a - 647. What are the prime factors of x?
2, 107
Suppose 5*b + 10 = 0, -3*b - 2 = 2*x - 0*b. What are the prime factors of x + 2 - (5 + -23)?
2, 11
Let a(i) = -i**3 + 6*i**2 - 2*i + 1. Let t be a(6). Let j be (-2)/(-4) - (-189)/14. Let s = j - t. What are the prime factors of s?
5
Let y = 179 + 4. List the prime factors of y.
3, 61
Let b(h) = h**2 + 16*h + 5. Let g be b(-20). Suppose 92 = 2*t + 2*z, -5*t + 3*t - 5*z = -101. Let p = g - t. What are the prime factors of p?
2, 3, 7
Let d be 8 - (-10)/(-5)*1. Let u be (-1)/(-1) - (3 - 6). Suppose -v + d + u = 0. What are the prime factors of v?
2, 5
Suppose 3*d - 6*d = -9. Suppose 3*q = -4*n + 1556, 